{"id":36,"date":"2022-11-25T19:50:48","date_gmt":"2022-11-25T18:50:48","guid":{"rendered":"http:\/\/193.194.83.40\/LVBRN\/?page_id=36"},"modified":"2022-11-30T12:00:31","modified_gmt":"2022-11-30T11:00:31","slug":"mot-du-directeur","status":"publish","type":"page","link":"http:\/\/labos.univ-alger.dz\/LVBRN\/?page_id=36","title":{"rendered":"Pr\u00e9sentation du labo"},"content":{"rendered":"\n<p><strong>Objectifs, mission et valeurs du LVBRN:<\/strong><\/p>\n\n\n\n<p><strong>Objectifs:<\/strong><\/p>\n\n\n\n<p>Le principal objectif du LVBRN en tant qu\u2019entit\u00e9 de recherche est de promouvoir la collaboration et l&rsquo;interaction entre des chercheurs prestigieux. Le LVBRN vise \u00e0 mettre en \u0153uvre une s\u00e9rie de projets de recherche multidisciplinaires ayant une port\u00e9e plus ambitieuse et globale ayant pour but l\u2019obtention d\u2019une distinction au niveau national et international.<\/p>\n\n\n\n<p>La marque d\u2019identit\u00e9 et de qualit\u00e9du LVBRN est son adoption \u00e0 la recherche fondamentale mais aussi appliqu\u00e9 : c\u2019est un laboratoire capable de cr\u00e9er des liens et de la synergie entre plusieurs institutions scientifiques et groupes de chercheurs. En outre, la cr\u00e9ation du LVBRN a pour mission de servir comme une r\u00e9f\u00e9rence d&rsquo;excellence dans de multiples secteurs en rassemblant un certain nombre de chercheurs dans des plateformes de r\u00e9flexion et d\u2019interaction.<\/p>\n\n\n\n<p><strong>Mission:<\/strong><\/p>\n\n\n\n<p>Le LVBRN encourage la recherche scientifique de haute qualit\u00e9 et assure un transfert de technologie harmonieux ayant un grand impact positif sur le secteur sant\u00e9, agroalimentaire, environnement, en l\u2019aidant \u00e0 devenir plus durable, comp\u00e9titif et innovant et en leurs fournissant&nbsp; une information scientifique juste.<\/p>\n\n\n\n<p><strong>Les valeurs partag\u00e9es par les membres du LVBRN sont:<\/strong><\/p>\n\n\n\n<p>EXCELLENCE<\/p>\n\n\n\n<p>QUALIT\u00c9<\/p>\n\n\n\n<p>MULTIDISCIPLINARITE<\/p>\n\n\n\n<p>INNOVATION<\/p>\n\n\n\n<p>ENGAGEMENT<\/p>\n\n\n\n<p>EXIGENCE<\/p>\n\n\n\n<p>RESPONSABILIT\u00c9<\/p>\n\n\n\n<p>SYNERGIE<\/p>\n\n\n\n<p>LA COOP\u00c9RATION<\/p>\n\n\n\n<p>AMBITION<\/p>\n\n\n\n<p>DURABILIT\u00c9<\/p>\n","protected":false},"excerpt":{"rendered":"<p>Objectifs, mission et valeurs du LVBRN: Objectifs: Le principal objectif du LVBRN en tant qu\u2019entit\u00e9 de recherche est de promouvoir la collaboration et l&rsquo;interaction entre des chercheurs prestigieux. Le LVBRN vise \u00e0 mettre en \u0153uvre une s\u00e9rie de projets de recherche multidisciplinaires ayant une port\u00e9e plus ambitieuse et globale ayant pour but l\u2019obtention d\u2019une distinction [&hellip;]<\/p>\n","protected":false},"author":1,"featured_media":0,"parent":0,"menu_order":0,"comment_status":"closed","ping_status":"closed","template":"","meta":[],"_links":{"self":[{"href":"http:\/\/labos.univ-alger.dz\/LVBRN\/index.php?rest_route=\/wp\/v2\/pages\/36"}],"collection":[{"href":"http:\/\/labos.univ-alger.dz\/LVBRN\/index.php?rest_route=\/wp\/v2\/pages"}],"about":[{"href":"http:\/\/labos.univ-alger.dz\/LVBRN\/index.php?rest_route=\/wp\/v2\/types\/page"}],"author":[{"embeddable":true,"href":"http:\/\/labos.univ-alger.dz\/LVBRN\/index.php?rest_route=\/wp\/v2\/users\/1"}],"replies":[{"embeddable":true,"href":"http:\/\/labos.univ-alger.dz\/LVBRN\/index.php?rest_route=%2Fwp%2Fv2%2Fcomments&post=36"}],"version-history":[{"count":3,"href":"http:\/\/labos.univ-alger.dz\/LVBRN\/index.php?rest_route=\/wp\/v2\/pages\/36\/revisions"}],"predecessor-version":[{"id":99,"href":"http:\/\/labos.univ-alger.dz\/LVBRN\/index.php?rest_route=\/wp\/v2\/pages\/36\/revisions\/99"}],"wp:attachment":[{"href":"http:\/\/labos.univ-alger.dz\/LVBRN\/index.php?rest_route=%2Fwp%2Fv2%2Fmedia&parent=36"}],"curies":[{"name":"wp","href":"https:\/\/api.w.org\/{rel}","templated":true}]}}