{"id":31,"date":"2023-11-15T09:47:53","date_gmt":"2023-11-15T08:47:53","guid":{"rendered":"http:\/\/labos.univ-alger.dz\/LREVIECO\/?page_id=31"},"modified":"2023-11-15T09:47:53","modified_gmt":"2023-11-15T08:47:53","slug":"mot-du-directeur","status":"publish","type":"page","link":"http:\/\/labos.univ-alger.dz\/LREVIECO\/?page_id=31","title":{"rendered":"Mot du Directeur"},"content":{"rendered":"\n<p>L\u2019Alg\u00e9rie, le plus grand pays de la M\u00e9diterran\u00e9e, de l\u2019Afrique et du monde arabe est appel\u00e9 \u00e0 jouer un r\u00f4le g\u00e9opolitique et \u00e9conomique de plus en plus important dans un monde en pleine mutation. Avec une d\u00e9mographie galopante et un environnement instable dict\u00e9 par les changements climatiques, l\u2019instabilit\u00e9 des march\u00e9s et la volatilit\u00e9 des prix, l\u2019Alg\u00e9rie se trouve confront\u00e9e \u00e0 de multiples enjeux d\u2019ordre \u00e9conomique, social et environnemental.<\/p>\n\n\n\n<p>Pour soulever ces d\u00e9fis, l\u2019Alg\u00e9rie est de plus en plus consciente du r\u00f4le que peut jouer l\u2019universit\u00e9 comme source d\u2019innovation et moteur de d\u00e9veloppement \u00e9conomique et social.&nbsp;&nbsp;<\/p>\n\n\n\n<p>L\u2019Universit\u00e9 Alger 1 Benyoucef BENKHEDDA a le potentiel pour devenir un p\u00f4le de connaissance, de comp\u00e9tence et de cr\u00e9ativit\u00e9 de part son histoire, sa position g\u00e9ographique, et son potentiel humain. Les efforts consentis par l\u2019Universit\u00e9 Alger 1 pour promouvoir ses performances en mati\u00e8re de l\u2019enseignement et de la recherche se sont couronn\u00e9s par la cr\u00e9ation de la Facult\u00e9 des Sciences. Cette jeune facult\u00e9 cr\u00e9\u00e9e en 2015 jouit d\u2019un potentiel humain de qualit\u00e9 (un corps enseignant jeune, dynamique et ambitieux et un personnel administratif et de soutien comp\u00e9tent). Elle demeure, n\u00e9anmoins pauvre en structures de recherche. Sans ces structures, la facult\u00e9 ne pourra pas assumer son engagement et son devoir de former des dipl\u00f4m\u00e9s de qualit\u00e9.&nbsp;<\/p>\n","protected":false},"excerpt":{"rendered":"<p>L\u2019Alg\u00e9rie, le plus grand pays de la M\u00e9diterran\u00e9e, de l\u2019Afrique et du monde arabe est appel\u00e9 \u00e0 jouer un r\u00f4le g\u00e9opolitique et \u00e9conomique de plus en plus important dans un monde en pleine mutation. Avec une d\u00e9mographie galopante et un environnement instable dict\u00e9 par les changements climatiques, l\u2019instabilit\u00e9 des march\u00e9s et la volatilit\u00e9 des prix, [&hellip;]<\/p>\n","protected":false},"author":1,"featured_media":0,"parent":0,"menu_order":0,"comment_status":"closed","ping_status":"closed","template":"","meta":[],"_links":{"self":[{"href":"http:\/\/labos.univ-alger.dz\/LREVIECO\/index.php?rest_route=\/wp\/v2\/pages\/31"}],"collection":[{"href":"http:\/\/labos.univ-alger.dz\/LREVIECO\/index.php?rest_route=\/wp\/v2\/pages"}],"about":[{"href":"http:\/\/labos.univ-alger.dz\/LREVIECO\/index.php?rest_route=\/wp\/v2\/types\/page"}],"author":[{"embeddable":true,"href":"http:\/\/labos.univ-alger.dz\/LREVIECO\/index.php?rest_route=\/wp\/v2\/users\/1"}],"replies":[{"embeddable":true,"href":"http:\/\/labos.univ-alger.dz\/LREVIECO\/index.php?rest_route=%2Fwp%2Fv2%2Fcomments&post=31"}],"version-history":[{"count":1,"href":"http:\/\/labos.univ-alger.dz\/LREVIECO\/index.php?rest_route=\/wp\/v2\/pages\/31\/revisions"}],"predecessor-version":[{"id":32,"href":"http:\/\/labos.univ-alger.dz\/LREVIECO\/index.php?rest_route=\/wp\/v2\/pages\/31\/revisions\/32"}],"wp:attachment":[{"href":"http:\/\/labos.univ-alger.dz\/LREVIECO\/index.php?rest_route=%2Fwp%2Fv2%2Fmedia&parent=31"}],"curies":[{"name":"wp","href":"https:\/\/api.w.org\/{rel}","templated":true}]}}