{"id":77,"date":"2023-01-29T22:54:05","date_gmt":"2023-01-29T21:54:05","guid":{"rendered":"http:\/\/labos.univ-alger.dz\/LPGI\/?page_id=77"},"modified":"2023-01-29T23:09:39","modified_gmt":"2023-01-29T22:09:39","slug":"mot-du-directrice","status":"publish","type":"page","link":"http:\/\/labos.univ-alger.dz\/LPGI\/?page_id=77","title":{"rendered":"Mot du directrice"},"content":{"rendered":"\n<p>Le Laboratoire de Recherche en Pharmacie Gal\u00e9nique Industrielle (LRPGI) f\u00e9d\u00e8re plusieurs sp\u00e9cialit\u00e9s pharmaceutiques autour de la th\u00e9matique de Recherche et D\u00e9veloppement des produits pharmaceutiques. Il s\u2019agit d\u2019une recherche coordonn\u00e9e, transversale et interdisciplinaire qui s\u2019articule autour de plusieurs axes relatifs aux produits pharmaceutiques, qu\u2019ils soient de nature biologique ou chimique.<\/p>\n\n\n\n<p>La mission du LRPGI est de contribuer au d\u00e9veloppement technologique dans le secteur de l\u2019industrie pharmaceutique. Sa vision est de s\u2019inscrire dans la politique nationale de promotion de la production locale des m\u00e9dicaments.<\/p>\n\n\n\n<p>Le LRPGI a pour principaux objectifs de mettre au point des techniques de pr\u00e9formulation, formulation et optimisation de formules pharmaceutiques; de r\u00e9aliser des \u00e9valuations biopharmaceutique, analytique et pharmaco-toxicologique des formules d\u00e9velopp\u00e9es; et de contribuer \u00e0 l\u2019am\u00e9lioration des proc\u00e9d\u00e9s de fabrication et de contr\u00f4le des m\u00e9dicaments fabriqu\u00e9s localement (trouble shooting) \u00e0 travers la r\u00e9alisation d\u2019expertises et prestations de service conform\u00e9ment \u00e0 la r\u00e9glementation en vigueur.<\/p>\n\n\n\n<p>Enfin, le LRPGI est un excellent incubateur de projets de recherche r\u00e9alis\u00e9s par des doctorants en th\u00e8se d\u2019\u00e9tat, des \u00e9tudiants en post-graduation pharmacie (r\u00e9sidents), ainsi que des \u00e9tudiants de graduation lors de leur stage de fin d\u2019\u00e9tudes.<\/p>\n\n\n\n<p><strong>Pr GHANASSI Fatma Zohra<\/strong><\/p>\n","protected":false},"excerpt":{"rendered":"<p>Le Laboratoire de Recherche en Pharmacie Gal\u00e9nique Industrielle (LRPGI) f\u00e9d\u00e8re plusieurs sp\u00e9cialit\u00e9s pharmaceutiques autour de la th\u00e9matique de Recherche et D\u00e9veloppement des produits pharmaceutiques. Il s\u2019agit d\u2019une recherche coordonn\u00e9e, transversale et interdisciplinaire qui s\u2019articule autour de plusieurs axes relatifs aux produits pharmaceutiques, qu\u2019ils soient de nature biologique ou chimique. La mission du LRPGI est de [&hellip;]<\/p>\n","protected":false},"author":1,"featured_media":0,"parent":0,"menu_order":0,"comment_status":"closed","ping_status":"closed","template":"","meta":[],"_links":{"self":[{"href":"http:\/\/labos.univ-alger.dz\/LPGI\/index.php?rest_route=\/wp\/v2\/pages\/77"}],"collection":[{"href":"http:\/\/labos.univ-alger.dz\/LPGI\/index.php?rest_route=\/wp\/v2\/pages"}],"about":[{"href":"http:\/\/labos.univ-alger.dz\/LPGI\/index.php?rest_route=\/wp\/v2\/types\/page"}],"author":[{"embeddable":true,"href":"http:\/\/labos.univ-alger.dz\/LPGI\/index.php?rest_route=\/wp\/v2\/users\/1"}],"replies":[{"embeddable":true,"href":"http:\/\/labos.univ-alger.dz\/LPGI\/index.php?rest_route=%2Fwp%2Fv2%2Fcomments&post=77"}],"version-history":[{"count":2,"href":"http:\/\/labos.univ-alger.dz\/LPGI\/index.php?rest_route=\/wp\/v2\/pages\/77\/revisions"}],"predecessor-version":[{"id":110,"href":"http:\/\/labos.univ-alger.dz\/LPGI\/index.php?rest_route=\/wp\/v2\/pages\/77\/revisions\/110"}],"wp:attachment":[{"href":"http:\/\/labos.univ-alger.dz\/LPGI\/index.php?rest_route=%2Fwp%2Fv2%2Fmedia&parent=77"}],"curies":[{"name":"wp","href":"https:\/\/api.w.org\/{rel}","templated":true}]}}