{"id":39,"date":"2023-01-29T22:50:23","date_gmt":"2023-01-29T21:50:23","guid":{"rendered":"http:\/\/labos.univ-alger.dz\/LPGI\/?page_id=39"},"modified":"2023-02-01T21:51:28","modified_gmt":"2023-02-01T20:51:28","slug":"equipe-2","status":"publish","type":"page","link":"http:\/\/labos.univ-alger.dz\/LPGI\/?page_id=39","title":{"rendered":"Equipe 2"},"content":{"rendered":"\n<p><\/p>\n\n\n\n<ul>\n<li><strong>Nom de l&rsquo;\u00e9quipe<\/strong> : D\u00e9veloppement gal\u00e9nique des formes s\u00e8ches<\/li>\n\n\n\n<li><strong>Chef d&rsquo;\u00e9quipe<\/strong> : BEYAZ Aouatef<\/li>\n\n\n\n<li><strong>Th\u00e8me de l&rsquo;\u00e9quipe<\/strong> :<\/li>\n<\/ul>\n\n\n\n<p>D\u00e9veloppement gal\u00e9nique ainsi qu\u2019\u00e9valuation pharmacotechnique et biopharmaceutique des formes s\u00e8ches (comprim\u00e9s, g\u00e9lules et microgranules), que ce soit des formes \u00e0 lib\u00e9ration conventionnelle ou \u00e0 lib\u00e9ration modifi\u00e9e.<\/p>\n\n\n\n<ul>\n<li><strong>\u00a0Nom des chercheurs et grades :<\/strong><\/li>\n<\/ul>\n\n\n\n<figure class=\"wp-block-table\"><table><tbody><tr><td>BEYAZ Aouatef<\/td><td>Maitre de conf\u00e9rence A<\/td><\/tr><tr><td>FIALA Sarah<\/td><td>Maitre de conf\u00e9rence B<\/td><\/tr><tr><td>BOUZID Mahdia<\/td><td>Maitre assistante A<\/td><\/tr><\/tbody><\/table><\/figure>\n","protected":false},"excerpt":{"rendered":"<p>D\u00e9veloppement gal\u00e9nique ainsi qu\u2019\u00e9valuation pharmacotechnique et biopharmaceutique des formes s\u00e8ches (comprim\u00e9s, g\u00e9lules et microgranules), que ce soit des formes \u00e0 lib\u00e9ration conventionnelle ou \u00e0 lib\u00e9ration modifi\u00e9e. BEYAZ Aouatef Maitre de conf\u00e9rence A FIALA Sarah Maitre de conf\u00e9rence B BOUZID Mahdia Maitre assistante A<\/p>\n","protected":false},"author":1,"featured_media":0,"parent":0,"menu_order":0,"comment_status":"closed","ping_status":"closed","template":"","meta":[],"_links":{"self":[{"href":"http:\/\/labos.univ-alger.dz\/LPGI\/index.php?rest_route=\/wp\/v2\/pages\/39"}],"collection":[{"href":"http:\/\/labos.univ-alger.dz\/LPGI\/index.php?rest_route=\/wp\/v2\/pages"}],"about":[{"href":"http:\/\/labos.univ-alger.dz\/LPGI\/index.php?rest_route=\/wp\/v2\/types\/page"}],"author":[{"embeddable":true,"href":"http:\/\/labos.univ-alger.dz\/LPGI\/index.php?rest_route=\/wp\/v2\/users\/1"}],"replies":[{"embeddable":true,"href":"http:\/\/labos.univ-alger.dz\/LPGI\/index.php?rest_route=%2Fwp%2Fv2%2Fcomments&post=39"}],"version-history":[{"count":2,"href":"http:\/\/labos.univ-alger.dz\/LPGI\/index.php?rest_route=\/wp\/v2\/pages\/39\/revisions"}],"predecessor-version":[{"id":114,"href":"http:\/\/labos.univ-alger.dz\/LPGI\/index.php?rest_route=\/wp\/v2\/pages\/39\/revisions\/114"}],"wp:attachment":[{"href":"http:\/\/labos.univ-alger.dz\/LPGI\/index.php?rest_route=%2Fwp%2Fv2%2Fmedia&parent=39"}],"curies":[{"name":"wp","href":"https:\/\/api.w.org\/{rel}","templated":true}]}}