{"id":45,"date":"2023-02-08T20:54:21","date_gmt":"2023-02-08T20:54:21","guid":{"rendered":"http:\/\/labos.univ-alger.dz\/LPG\/?page_id=45"},"modified":"2023-02-08T21:00:15","modified_gmt":"2023-02-08T21:00:15","slug":"mot-du-directrice-du-laboratoire","status":"publish","type":"page","link":"http:\/\/labos.univ-alger.dz\/LPG\/?page_id=45","title":{"rendered":"Mot du Directrice du Laboratoire"},"content":{"rendered":"\n<p>Notre laboratoire de recherche intitul\u00e9 polymorphisme g\u00e9n\u00e9tique agr\u00e9er en 2002 sous la direction du Pr Anissa BOUHADEF que dieu ait son \u00e2me jusqu\u2019\u00e0 F\u00e9vrier 2013. Depuis cette date nous dirigeons \u00e0 ce jour ce laboratoire apr\u00e8s approbation de son conseil scientifique, qui comporte 4 \u00e9quipes de recherche&nbsp;: \u00ab Impacts de la g\u00e9n\u00e9tique et de la biologie mol\u00e9culaire dans le diagnostic des sarcomes des tissus mous de l\u2019enfant et adulte jeune&nbsp;\u00bb, \u00abProfil anatomo-clinique du cancer du sein de la femme jeune&nbsp;\u00bb,\u00ab&nbsp;Etude Anatomoclinique et g\u00e9n\u00e9tique des cancers de l\u2019ovaire&nbsp;\u00bb et\u00ab&nbsp;Polymorphisme g\u00e9n\u00e9tique et infection HPV&nbsp;\u00bb&nbsp;.<\/p>\n\n\n\n<p>Les chercheurs de diff\u00e9rents grades ont d\u00e9ploy\u00e9 tous leurs efforts et leur d\u00e9termination pour trouver des solutions \u00e0 diverses probl\u00e9matiques tantpar la recherche fondamentale que clinique et \u00e9volutive, en ayant pour ultime objectif le d\u00e9veloppement de nouvelles opportunit\u00e9stechniquesde recherche en sant\u00e9 et particuli\u00e8rement en biologie mol\u00e9culaire.<\/p>\n\n\n\n<p>De nombreux travaux de qualit\u00e9se r\u00e9alisent dans notre laboratoire, notre slogan c\u2019est decroire en la recherche, ondoit mettre en place un plan strat\u00e9gique pour rehausser la valeur de la recherche clinique et sa performance, tant \u00e0 l\u2019int\u00e9rieur des activit\u00e9s du laboratoire de recherche que dansnotre h\u00f4pital universitaires de DOUERA. Ce qui nous permettra d\u2019avoir une vision claire de ce que requi\u00e8rent la consolidation et le d\u00e9veloppement dans ce domaine, afin d\u2019en assurer la progression et la p\u00e9rennit\u00e9, ainsi la n\u00e9cessit\u00e9 de favoriser une plus grande compl\u00e9mentarit\u00e9 entre la recherche fondamentale, la recherche clinique et les autres fonctions cliniques et acad\u00e9miques du CHU.<\/p>\n\n\n\n<p>L\u2019ensemble des travaux accomplis sur le plan scientifique a \u00e9t\u00e9 r\u00e9alis\u00e9 gr\u00e2ce \u00e0 la collaboration et \u00e0 l\u2019acharnement de nos chercheurs. Je tiens \u00e0 les f\u00e9liciter et \u00e0 les remercier pour leurs efforts soutenus et leur engagement \u00e0 \u0153uvrer au quotidien \u00e0 cette grande d\u00e9marche collective et interdisciplinaire pour l\u2019avancement de la recherche.<\/p>\n\n\n\n<p><\/p>\n\n\n\n<p> \u00a0\u00a0\u00a0\u00a0\u00a0\u00a0\u00a0\u00a0\u00a0\u00a0\u00a0\u00a0\u00a0\u00a0\u00a0\u00a0\u00a0\u00a0\u00a0\u00a0\u00a0\u00a0\u00a0\u00a0\u00a0\u00a0\u00a0\u00a0\u00a0\u00a0\u00a0\u00a0\u00a0\u00a0\u00a0\u00a0\u00a0\u00a0\u00a0\u00a0\u00a0\u00a0\u00a0\u00a0\u00a0\u00a0\u00a0\u00a0\u00a0\u00a0\u00a0\u00a0\u00a0\u00a0\u00a0\u00a0\u00a0\u00a0\u00a0\u00a0\u00a0\u00a0\u00a0\u00a0\u00a0\u00a0\u00a0\u00a0\u00a0\u00a0\u00a0\u00a0\u00a0\u00a0\u00a0\u00a0\u00a0\u00a0\u00a0\u00a0\u00a0\u00a0\u00a0\u00a0\u00a0\u00a0\u00a0\u00a0\u00a0\u00a0\u00a0\u00a0\u00a0\u00a0\u00a0\u00a0\u00a0\u00a0\u00a0\u00a0\u00a0\u00a0\u00a0\u00a0\u00a0\u00a0\u00a0\u00a0\u00a0\u00a0\u00a0\u00a0\u00a0\u00a0\u00a0\u00a0\u00a0\u00a0\u00a0\u00a0\u00a0\u00a0\u00a0\u00a0\u00a0\u00a0\u00a0\u00a0\u00a0 Pr Ayed BELARBI<\/p>\n","protected":false},"excerpt":{"rendered":"<p>Notre laboratoire de recherche intitul\u00e9 polymorphisme g\u00e9n\u00e9tique agr\u00e9er en 2002 sous la direction du Pr Anissa BOUHADEF que dieu ait son \u00e2me jusqu\u2019\u00e0 F\u00e9vrier 2013. Depuis cette date nous dirigeons \u00e0 ce jour ce laboratoire apr\u00e8s approbation de son conseil scientifique, qui comporte 4 \u00e9quipes de recherche&nbsp;: \u00ab Impacts de la g\u00e9n\u00e9tique et de la [&hellip;]<\/p>\n","protected":false},"author":1,"featured_media":0,"parent":0,"menu_order":0,"comment_status":"closed","ping_status":"closed","template":"","meta":[],"_links":{"self":[{"href":"http:\/\/labos.univ-alger.dz\/LPG\/index.php?rest_route=\/wp\/v2\/pages\/45"}],"collection":[{"href":"http:\/\/labos.univ-alger.dz\/LPG\/index.php?rest_route=\/wp\/v2\/pages"}],"about":[{"href":"http:\/\/labos.univ-alger.dz\/LPG\/index.php?rest_route=\/wp\/v2\/types\/page"}],"author":[{"embeddable":true,"href":"http:\/\/labos.univ-alger.dz\/LPG\/index.php?rest_route=\/wp\/v2\/users\/1"}],"replies":[{"embeddable":true,"href":"http:\/\/labos.univ-alger.dz\/LPG\/index.php?rest_route=%2Fwp%2Fv2%2Fcomments&post=45"}],"version-history":[{"count":2,"href":"http:\/\/labos.univ-alger.dz\/LPG\/index.php?rest_route=\/wp\/v2\/pages\/45\/revisions"}],"predecessor-version":[{"id":83,"href":"http:\/\/labos.univ-alger.dz\/LPG\/index.php?rest_route=\/wp\/v2\/pages\/45\/revisions\/83"}],"wp:attachment":[{"href":"http:\/\/labos.univ-alger.dz\/LPG\/index.php?rest_route=%2Fwp%2Fv2%2Fmedia&parent=45"}],"curies":[{"name":"wp","href":"https:\/\/api.w.org\/{rel}","templated":true}]}}

<p>Notre laboratoire de recherche intitulé polymorphisme génétique agréer en 2002 sous la direction du Pr Anissa BOUHADEF que dieu ait son âme jusqu’à Février 2013. Depuis cette date nous dirigeons à ce jour ce laboratoire après approbation de son conseil scientifique, qui comporte 4 équipes de recherche&nbsp;: « Impacts de la génétique et de la biologie moléculaire dans le diagnostic des sarcomes des tissus mous de l’enfant et adulte jeune&nbsp;», «Profil anatomo-clinique du cancer du sein de la femme jeune&nbsp;»,«&nbsp;Etude Anatomoclinique et génétique des cancers de l’ovaire&nbsp;» et«&nbsp;Polymorphisme génétique et infection HPV&nbsp;»&nbsp;.</p>



<p>Les chercheurs de différents grades ont déployé tous leurs efforts et leur détermination pour trouver des solutions à diverses problématiques tantpar la recherche fondamentale que clinique et évolutive, en ayant pour ultime objectif le développement de nouvelles opportunitéstechniquesde recherche en santé et particulièrement en biologie moléculaire.</p>



<p>De nombreux travaux de qualitése réalisent dans notre laboratoire, notre slogan c’est decroire en la recherche, ondoit mettre en place un plan stratégique pour rehausser la valeur de la recherche clinique et sa performance, tant à l’intérieur des activités du laboratoire de recherche que dansnotre hôpital universitaires de DOUERA. Ce qui nous permettra d’avoir une vision claire de ce que requièrent la consolidation et le développement dans ce domaine, afin d’en assurer la progression et la pérennité, ainsi la nécessité de favoriser une plus grande complémentarité entre la recherche fondamentale, la recherche clinique et les autres fonctions cliniques et académiques du CHU.</p>



<p>L’ensemble des travaux accomplis sur le plan scientifique a été réalisé grâce à la collaboration et à l’acharnement de nos chercheurs. Je tiens à les féliciter et à les remercier pour leurs efforts soutenus et leur engagement à œuvrer au quotidien à cette grande démarche collective et interdisciplinaire pour l’avancement de la recherche.</p>



<p></p>



<p>                                                                                                                                   Pr Ayed BELARBI</p>

<p>Notre laboratoire de recherche intitulé polymorphisme génétique agréer en 2002 sous la direction du Pr Anissa BOUHADEF que dieu ait son âme jusqu’à Février 2013. Depuis cette date nous dirigeons à ce jour ce laboratoire après approbation de son conseil scientifique, qui comporte 4 équipes de recherche&nbsp;: « Impacts de la génétique et de la [&hellip;]</p>
