{"id":18,"date":"2023-01-30T11:06:03","date_gmt":"2023-01-30T10:06:03","guid":{"rendered":"http:\/\/labos.univ-alger.dz\/LMMGR\/?page_id=18"},"modified":"2023-01-30T11:17:31","modified_gmt":"2023-01-30T10:17:31","slug":"mot-du-directeur","status":"publish","type":"page","link":"http:\/\/labos.univ-alger.dz\/LMMGR\/?page_id=18","title":{"rendered":"Mot du directeur"},"content":{"rendered":"\n<p>Le laboratoire des maladies m\u00e9taboliques et g\u00e9n\u00e9tiques rares (MMGR) a \u00e9t\u00e9 cr\u00e9\u00e9 par arr\u00eat\u00e9 N\u00b05 du 18 f\u00e9vrier 2020 portant cr\u00e9ation des laboratoires de recherche au sein de certains \u00e9tablissements de l\u2019enseignement sup\u00e9rieur. Ce laboratoire est domicili\u00e9 \u00e0 l\u2019EHS BENAKNOUN.<\/p>\n\n\n\n<p>C<strong>\u2019<\/strong>est un laboratoire universitaire sp\u00e9cialis\u00e9 dans les \u00e9tudes des maladies g\u00e9n\u00e9tiques chromosomiques, monog\u00e9niques et complexes.<\/p>\n\n\n\n<p>&nbsp;Il s\u2019inscrit dans une approche multidisciplinaire et int\u00e9grative, visant \u00e0 d\u00e9crire la physiopathologie de certaines maladies rares (MR), afin de faire b\u00e9n\u00e9ficier les patients des avanc\u00e9es de la recherche.<\/p>\n\n\n\n<p>Cette approche repose sur l\u2019\u00e9tude du m\u00e9tabolisme cellulaire sur les plans m\u00e9tabolique et g\u00e9n\u00e9tique par des outils innovants (Fluorim\u00e9trie, HPLC, la spectroscopie de masse, le s\u00e9quen\u00e7age et le s\u00e9quen\u00e7age \u00e0 haut d\u00e9bit), permettant une meilleure compr\u00e9hension des m\u00e9canismes cellulaires mis en jeux.<\/p>\n\n\n\n<p>Les objectifs de ce laboratoire sont fort nombreux&nbsp;:<\/p>\n\n\n\n<ul>\n<li>Offrir aux familles et aux patients un diagnostic clinique et mol\u00e9culaire de certitude<\/li>\n\n\n\n<li>Eviter aux patients et aux familles l\u2019errance diagnostic<\/li>\n\n\n\n<li>Faire b\u00e9n\u00e9ficier les patients atteints des innovations th\u00e9rapeutiques (essais cliniques)<\/li>\n\n\n\n<li>Sensibiliser le corps m\u00e9dical \u00e0 l\u2019importance de la g\u00e9n\u00e9tique dans la m\u00e9decine<\/li>\n\n\n\n<li>Diffuser et vulgariser les connaissances en g\u00e9n\u00e9tique aux \u00e9tudiants<\/li>\n<\/ul>\n","protected":false},"excerpt":{"rendered":"<p>Le laboratoire des maladies m\u00e9taboliques et g\u00e9n\u00e9tiques rares (MMGR) a \u00e9t\u00e9 cr\u00e9\u00e9 par arr\u00eat\u00e9 N\u00b05 du 18 f\u00e9vrier 2020 portant cr\u00e9ation des laboratoires de recherche au sein de certains \u00e9tablissements de l\u2019enseignement sup\u00e9rieur. Ce laboratoire est domicili\u00e9 \u00e0 l\u2019EHS BENAKNOUN. C\u2019est un laboratoire universitaire sp\u00e9cialis\u00e9 dans les \u00e9tudes des maladies g\u00e9n\u00e9tiques chromosomiques, monog\u00e9niques et complexes. [&hellip;]<\/p>\n","protected":false},"author":1,"featured_media":0,"parent":0,"menu_order":0,"comment_status":"closed","ping_status":"closed","template":"","meta":[],"_links":{"self":[{"href":"http:\/\/labos.univ-alger.dz\/LMMGR\/index.php?rest_route=\/wp\/v2\/pages\/18"}],"collection":[{"href":"http:\/\/labos.univ-alger.dz\/LMMGR\/index.php?rest_route=\/wp\/v2\/pages"}],"about":[{"href":"http:\/\/labos.univ-alger.dz\/LMMGR\/index.php?rest_route=\/wp\/v2\/types\/page"}],"author":[{"embeddable":true,"href":"http:\/\/labos.univ-alger.dz\/LMMGR\/index.php?rest_route=\/wp\/v2\/users\/1"}],"replies":[{"embeddable":true,"href":"http:\/\/labos.univ-alger.dz\/LMMGR\/index.php?rest_route=%2Fwp%2Fv2%2Fcomments&post=18"}],"version-history":[{"count":2,"href":"http:\/\/labos.univ-alger.dz\/LMMGR\/index.php?rest_route=\/wp\/v2\/pages\/18\/revisions"}],"predecessor-version":[{"id":58,"href":"http:\/\/labos.univ-alger.dz\/LMMGR\/index.php?rest_route=\/wp\/v2\/pages\/18\/revisions\/58"}],"wp:attachment":[{"href":"http:\/\/labos.univ-alger.dz\/LMMGR\/index.php?rest_route=%2Fwp%2Fv2%2Fmedia&parent=18"}],"curies":[{"name":"wp","href":"https:\/\/api.w.org\/{rel}","templated":true}]}}