{"id":41,"date":"2024-03-12T10:33:37","date_gmt":"2024-03-12T09:33:37","guid":{"rendered":"http:\/\/labos.univ-alger.dz\/LMACMH\/?page_id=41"},"modified":"2024-04-02T13:16:34","modified_gmt":"2024-04-02T11:16:34","slug":"equipe-1","status":"publish","type":"page","link":"http:\/\/labos.univ-alger.dz\/LMACMH\/?page_id=41","title":{"rendered":"Equipe 1"},"content":{"rendered":"\n<p><strong>unit\u00e9 de phytoth\u00e9rapie&nbsp;: Chef d\u2019unit\u00e9 Pr Ouar Mounira<\/strong><\/p>\n\n\n\n<p>Cette unit\u00e9 s\u2019 int\u00e9resse \u00e0 la sauvegarde de la m\u00e9decine traditionnelle alg\u00e9rienne&nbsp;<\/p>\n\n\n\n<p>recherche et developpement sur les plantes medicinales<\/p>\n\n\n\n<p>utilisationde la phytoth\u00e9rapie comme soin de support<\/p>\n","protected":false},"excerpt":{"rendered":"<p>unit\u00e9 de phytoth\u00e9rapie&nbsp;: Chef d\u2019unit\u00e9 Pr Ouar Mounira Cette unit\u00e9 s\u2019 int\u00e9resse \u00e0 la sauvegarde de la m\u00e9decine traditionnelle alg\u00e9rienne&nbsp; recherche et developpement sur les plantes medicinales utilisationde la phytoth\u00e9rapie comme soin de support<\/p>\n","protected":false},"author":1,"featured_media":0,"parent":0,"menu_order":0,"comment_status":"closed","ping_status":"closed","template":"","meta":{"footnotes":""},"_links":{"self":[{"href":"http:\/\/labos.univ-alger.dz\/LMACMH\/index.php?rest_route=\/wp\/v2\/pages\/41"}],"collection":[{"href":"http:\/\/labos.univ-alger.dz\/LMACMH\/index.php?rest_route=\/wp\/v2\/pages"}],"about":[{"href":"http:\/\/labos.univ-alger.dz\/LMACMH\/index.php?rest_route=\/wp\/v2\/types\/page"}],"author":[{"embeddable":true,"href":"http:\/\/labos.univ-alger.dz\/LMACMH\/index.php?rest_route=\/wp\/v2\/users\/1"}],"replies":[{"embeddable":true,"href":"http:\/\/labos.univ-alger.dz\/LMACMH\/index.php?rest_route=%2Fwp%2Fv2%2Fcomments&post=41"}],"version-history":[{"count":2,"href":"http:\/\/labos.univ-alger.dz\/LMACMH\/index.php?rest_route=\/wp\/v2\/pages\/41\/revisions"}],"predecessor-version":[{"id":107,"href":"http:\/\/labos.univ-alger.dz\/LMACMH\/index.php?rest_route=\/wp\/v2\/pages\/41\/revisions\/107"}],"wp:attachment":[{"href":"http:\/\/labos.univ-alger.dz\/LMACMH\/index.php?rest_route=%2Fwp%2Fv2%2Fmedia&parent=41"}],"curies":[{"name":"wp","href":"https:\/\/api.w.org\/{rel}","templated":true}]}}