{"id":78,"date":"2023-02-14T20:39:59","date_gmt":"2023-02-14T19:39:59","guid":{"rendered":"http:\/\/labos.univ-alger.dz\/LEM\/?page_id=78"},"modified":"2023-02-21T14:19:55","modified_gmt":"2023-02-21T13:19:55","slug":"equipe-4","status":"publish","type":"page","link":"http:\/\/labos.univ-alger.dz\/LEM\/?page_id=78","title":{"rendered":"Equipe 4"},"content":{"rendered":"\n<p class=\"has-medium-font-size\"><strong>Unit\u00e9 4&nbsp;:<\/strong> La quatri\u00e8me \u00e9quipe pr\u00e9sid\u00e9e par &nbsp;Pr Mezoued Mouna Meriem a comme objectif l&rsquo;\u00e9valuation et la caract\u00e9risation des diff\u00e9rentes tumeurs dont la classification mol\u00e9culaire des cancers papillaires de la thyro\u00efde et le profilage des st\u00e9ro\u00efdes urinaires des tumeurs surr\u00e9naliennes afin de diff\u00e9rencier les l\u00e9sions b\u00e9nignes de celles malignes.<\/p>\n\n\n\n<figure class=\"wp-block-table has-medium-font-size\"><table><tbody><tr><td><strong>Les membres de l\u2019\u00e9quipe<\/strong><br>Yahi mustapha<br>Bensalah meriem<br>kassa reda<br>Haddad karim<br>Ait challal radia<br>Brahimi ghania<br>Benfiala mouna<br>Belhamdi badreddine<br>Habouchi mohamed amine<br>Yousfi Yamina<br>Talbi abdelkrim<br>kherrab hanane<br><\/td><\/tr><\/tbody><\/table><\/figure>\n\n\n\n<p><\/p>\n","protected":false},"excerpt":{"rendered":"<p>Unit\u00e9 4&nbsp;: La quatri\u00e8me \u00e9quipe pr\u00e9sid\u00e9e par &nbsp;Pr Mezoued Mouna Meriem a comme objectif l&rsquo;\u00e9valuation et la caract\u00e9risation des diff\u00e9rentes tumeurs dont la classification mol\u00e9culaire des cancers papillaires de la thyro\u00efde et le profilage des st\u00e9ro\u00efdes urinaires des tumeurs surr\u00e9naliennes afin de diff\u00e9rencier les l\u00e9sions b\u00e9nignes de celles malignes. Les membres de l\u2019\u00e9quipeYahi mustaphaBensalah meriemkassa [&hellip;]<\/p>\n","protected":false},"author":1,"featured_media":0,"parent":0,"menu_order":0,"comment_status":"closed","ping_status":"closed","template":"","meta":[],"_links":{"self":[{"href":"http:\/\/labos.univ-alger.dz\/LEM\/index.php?rest_route=\/wp\/v2\/pages\/78"}],"collection":[{"href":"http:\/\/labos.univ-alger.dz\/LEM\/index.php?rest_route=\/wp\/v2\/pages"}],"about":[{"href":"http:\/\/labos.univ-alger.dz\/LEM\/index.php?rest_route=\/wp\/v2\/types\/page"}],"author":[{"embeddable":true,"href":"http:\/\/labos.univ-alger.dz\/LEM\/index.php?rest_route=\/wp\/v2\/users\/1"}],"replies":[{"embeddable":true,"href":"http:\/\/labos.univ-alger.dz\/LEM\/index.php?rest_route=%2Fwp%2Fv2%2Fcomments&post=78"}],"version-history":[{"count":3,"href":"http:\/\/labos.univ-alger.dz\/LEM\/index.php?rest_route=\/wp\/v2\/pages\/78\/revisions"}],"predecessor-version":[{"id":114,"href":"http:\/\/labos.univ-alger.dz\/LEM\/index.php?rest_route=\/wp\/v2\/pages\/78\/revisions\/114"}],"wp:attachment":[{"href":"http:\/\/labos.univ-alger.dz\/LEM\/index.php?rest_route=%2Fwp%2Fv2%2Fmedia&parent=78"}],"curies":[{"name":"wp","href":"https:\/\/api.w.org\/{rel}","templated":true}]}}