{"id":74,"date":"2023-02-14T20:34:30","date_gmt":"2023-02-14T19:34:30","guid":{"rendered":"http:\/\/labos.univ-alger.dz\/LEM\/?page_id=74"},"modified":"2025-03-17T12:44:20","modified_gmt":"2025-03-17T11:44:20","slug":"equipe-2","status":"publish","type":"page","link":"http:\/\/labos.univ-alger.dz\/LEM\/?page_id=74","title":{"rendered":"Equipe 2"},"content":{"rendered":"\n<p class=\"has-medium-font-size\"><strong>Unit\u00e9 2&nbsp;:<\/strong> La deuxi\u00e8me \u00e9quipe pr\u00e9sid\u00e9e par Pr Malha Azzouz \u00e9tudie les m\u00e9canismes physiopathologiques et les cons\u00e9quences de la malnutrition chez le sujet \u00e2g\u00e9 afin de valider de nouveaux outils diagnostiques permettant la prise en charge et le suivi.<\/p>\n\n\n\n<figure class=\"wp-block-table has-medium-font-size\"><table><tbody><tr><td><strong>Les membres de l\u2019\u00e9quipe<\/strong><br>Fedala saida<br>Kedad lamia<br>Bessaid khadidja<br>Talha khiera<br>Maouche naima<br>Boufadi Yasmina<br>Reffas Anissa Imane<br>Brahmia Djihane<br>Zidane Azdinia<br>Guadouche Leila<br>Metlef Sarah<br>Bouchenna Amira<br>Ouabou Zakia<\/td><\/tr><\/tbody><\/table><\/figure>\n\n\n\n<p class=\"has-medium-font-size\"><\/p>\n\n\n\n<p><\/p>\n","protected":false},"excerpt":{"rendered":"<p>Unit\u00e9 2&nbsp;: La deuxi\u00e8me \u00e9quipe pr\u00e9sid\u00e9e par Pr Malha Azzouz \u00e9tudie les m\u00e9canismes physiopathologiques et les cons\u00e9quences de la malnutrition chez le sujet \u00e2g\u00e9 afin de valider de nouveaux outils diagnostiques permettant la prise en charge et le suivi. Les membres de l\u2019\u00e9quipeFedala saidaKedad lamiaBessaid khadidjaTalha khieraMaouche naimaBoufadi YasminaReffas Anissa ImaneBrahmia DjihaneZidane AzdiniaGuadouche LeilaMetlef SarahBouchenna [&hellip;]<\/p>\n","protected":false},"author":1,"featured_media":0,"parent":0,"menu_order":0,"comment_status":"closed","ping_status":"closed","template":"","meta":[],"_links":{"self":[{"href":"http:\/\/labos.univ-alger.dz\/LEM\/index.php?rest_route=\/wp\/v2\/pages\/74"}],"collection":[{"href":"http:\/\/labos.univ-alger.dz\/LEM\/index.php?rest_route=\/wp\/v2\/pages"}],"about":[{"href":"http:\/\/labos.univ-alger.dz\/LEM\/index.php?rest_route=\/wp\/v2\/types\/page"}],"author":[{"embeddable":true,"href":"http:\/\/labos.univ-alger.dz\/LEM\/index.php?rest_route=\/wp\/v2\/users\/1"}],"replies":[{"embeddable":true,"href":"http:\/\/labos.univ-alger.dz\/LEM\/index.php?rest_route=%2Fwp%2Fv2%2Fcomments&post=74"}],"version-history":[{"count":5,"href":"http:\/\/labos.univ-alger.dz\/LEM\/index.php?rest_route=\/wp\/v2\/pages\/74\/revisions"}],"predecessor-version":[{"id":128,"href":"http:\/\/labos.univ-alger.dz\/LEM\/index.php?rest_route=\/wp\/v2\/pages\/74\/revisions\/128"}],"wp:attachment":[{"href":"http:\/\/labos.univ-alger.dz\/LEM\/index.php?rest_route=%2Fwp%2Fv2%2Fmedia&parent=74"}],"curies":[{"name":"wp","href":"https:\/\/api.w.org\/{rel}","templated":true}]}}