{"id":72,"date":"2023-02-14T20:32:45","date_gmt":"2023-02-14T19:32:45","guid":{"rendered":"http:\/\/labos.univ-alger.dz\/LEM\/?page_id=72"},"modified":"2023-02-21T13:32:48","modified_gmt":"2023-02-21T12:32:48","slug":"equipe-1","status":"publish","type":"page","link":"http:\/\/labos.univ-alger.dz\/LEM\/?page_id=72","title":{"rendered":"Equipe 1"},"content":{"rendered":"\n<p class=\"has-medium-font-size\"><strong>Unit\u00e9 1\u00a0:<\/strong> La premi\u00e8re \u00e9quipe pr\u00e9sid\u00e9e par <strong>Pr Azzoug Said<\/strong> travaille sur le ph\u00e9notype et le g\u00e9notype du diab\u00e8te avec comme objectif d\u2019en pr\u00e9dire l&rsquo;\u00e9volution et les complications afin d&rsquo;en personnaliser le traitement. Ce traitement adapt\u00e9 constitue la m\u00e9decine de pr\u00e9cision.<\/p>\n\n\n\n<figure class=\"wp-block-table has-medium-font-size\"><table><tbody><tr><td><strong>\u00a0 Les membres de l\u2019\u00e9quipe<br><\/strong>H. BAGHOUS <br>S. AOUICHE <br>N. TOUABET <br>Y. RAHEM <br>F. MAKHLOUF <br>R. MOSBAH <br>R. HANNACHI <br>FZ. HACHELAF <br>MS. MERAD <br>Bourai Sihem <br>Zouaoui Khaoula <br>Houdou Waffa <br>Hamidat Hamza Karim \u00a0<\/td><\/tr><\/tbody><\/table><\/figure>\n","protected":false},"excerpt":{"rendered":"<p>Unit\u00e9 1\u00a0: La premi\u00e8re \u00e9quipe pr\u00e9sid\u00e9e par Pr Azzoug Said travaille sur le ph\u00e9notype et le g\u00e9notype du diab\u00e8te avec comme objectif d\u2019en pr\u00e9dire l&rsquo;\u00e9volution et les complications afin d&rsquo;en personnaliser le traitement. Ce traitement adapt\u00e9 constitue la m\u00e9decine de pr\u00e9cision. \u00a0 Les membres de l\u2019\u00e9quipeH. BAGHOUS S. AOUICHE N. TOUABET Y. RAHEM F. MAKHLOUF [&hellip;]<\/p>\n","protected":false},"author":1,"featured_media":0,"parent":0,"menu_order":0,"comment_status":"closed","ping_status":"closed","template":"","meta":[],"_links":{"self":[{"href":"http:\/\/labos.univ-alger.dz\/LEM\/index.php?rest_route=\/wp\/v2\/pages\/72"}],"collection":[{"href":"http:\/\/labos.univ-alger.dz\/LEM\/index.php?rest_route=\/wp\/v2\/pages"}],"about":[{"href":"http:\/\/labos.univ-alger.dz\/LEM\/index.php?rest_route=\/wp\/v2\/types\/page"}],"author":[{"embeddable":true,"href":"http:\/\/labos.univ-alger.dz\/LEM\/index.php?rest_route=\/wp\/v2\/users\/1"}],"replies":[{"embeddable":true,"href":"http:\/\/labos.univ-alger.dz\/LEM\/index.php?rest_route=%2Fwp%2Fv2%2Fcomments&post=72"}],"version-history":[{"count":3,"href":"http:\/\/labos.univ-alger.dz\/LEM\/index.php?rest_route=\/wp\/v2\/pages\/72\/revisions"}],"predecessor-version":[{"id":101,"href":"http:\/\/labos.univ-alger.dz\/LEM\/index.php?rest_route=\/wp\/v2\/pages\/72\/revisions\/101"}],"wp:attachment":[{"href":"http:\/\/labos.univ-alger.dz\/LEM\/index.php?rest_route=%2Fwp%2Fv2%2Fmedia&parent=72"}],"curies":[{"name":"wp","href":"https:\/\/api.w.org\/{rel}","templated":true}]}}