{"id":120,"date":"2023-02-22T09:52:27","date_gmt":"2023-02-22T08:52:27","guid":{"rendered":"http:\/\/labos.univ-alger.dz\/LEM\/?page_id=120"},"modified":"2023-02-22T09:52:27","modified_gmt":"2023-02-22T08:52:27","slug":"nos-equipes-de-recherche","status":"publish","type":"page","link":"http:\/\/labos.univ-alger.dz\/LEM\/?page_id=120","title":{"rendered":"Nos \u00e9quipes de recherche"},"content":{"rendered":"\n<div class=\"is-layout-flex wp-container-3 wp-block-columns\">\n<div class=\"is-layout-flow wp-block-column has-pale-pink-background-color has-background\">\n<p class=\"has-text-align-center has-medium-font-size\">      <strong>Unit\u00e9 1\u00a0:<\/strong> <\/p>\n\n\n\n<p class=\"has-text-align-center\">La premi\u00e8re \u00e9quipe pr\u00e9sid\u00e9e par <strong>Pr <\/strong>Azzoug Said travaille sur le ph\u00e9notype et le g\u00e9notype du diab\u00e8te avec comme objectif d\u2019en pr\u00e9dire l&rsquo;\u00e9volution et les complications afin d&rsquo;en personnaliser le traitement. Ce traitement adapt\u00e9 constitue la m\u00e9decine de pr\u00e9cision.<\/p>\n<\/div>\n\n\n\n<div class=\"is-layout-flow wp-block-column has-luminous-vivid-orange-background-color has-background\">\n<p class=\"has-text-align-center has-medium-font-size\"><strong>Unit\u00e9 2\u00a0:<\/strong> <\/p>\n\n\n\n<p class=\"has-text-align-center\">La deuxi\u00e8me \u00e9quipe pr\u00e9sid\u00e9e par Pr Malha Azzouz \u00e9tudie les m\u00e9canismes physiopathologiques et les cons\u00e9quences de la malnutrition chez le sujet \u00e2g\u00e9 afin de valider de nouveaux outils diagnostiques permettant la prise en charge et le suivi.<\/p>\n<\/div>\n<\/div>\n\n\n\n<div class=\"is-layout-flex wp-container-6 wp-block-columns\">\n<div class=\"is-layout-flow wp-block-column has-light-green-cyan-background-color has-background\">\n<p class=\"has-text-align-center has-medium-font-size\"><strong>Unit\u00e9 3\u00a0:<\/strong><\/p>\n\n\n\n<p class=\"has-text-align-center\"> La troisi\u00e8me \u00e9quipe pr\u00e9sid\u00e9e par Pr Aicha Bouzid s\u2019int\u00e9resse \u00e0 la zone grise des cytoponctions thyro\u00efdiennes et utilise les marqueurs g\u00e9n\u00e9tiques afin d&rsquo;identifier les nodules malins n\u00e9cessitant une prise en charge chirurgicale, ce qui r\u00e9duira les interventions inutiles.<\/p>\n<\/div>\n\n\n\n<div class=\"is-layout-flow wp-block-column has-luminous-vivid-amber-background-color has-background\">\n<p class=\"has-text-align-center has-medium-font-size\"><strong>Unit\u00e9 4\u00a0:<\/strong> <\/p>\n\n\n\n<p class=\"has-text-align-center\">La quatri\u00e8me \u00e9quipe pr\u00e9sid\u00e9e par \u00a0Pr Mezoued Mouna Meriem a comme objectif l&rsquo;\u00e9valuation et la caract\u00e9risation des diff\u00e9rentes tumeurs dont la classification mol\u00e9culaire des cancers papillaires de la thyro\u00efde et le profilage des st\u00e9ro\u00efdes urinaires des tumeurs surr\u00e9naliennes afin de diff\u00e9rencier les l\u00e9sions b\u00e9nignes de celles malignes.<\/p>\n<\/div>\n<\/div>\n","protected":false},"excerpt":{"rendered":"<p>Unit\u00e9 1\u00a0: La premi\u00e8re \u00e9quipe pr\u00e9sid\u00e9e par Pr Azzoug Said travaille sur le ph\u00e9notype et le g\u00e9notype du diab\u00e8te avec comme objectif d\u2019en pr\u00e9dire l&rsquo;\u00e9volution et les complications afin d&rsquo;en personnaliser le traitement. Ce traitement adapt\u00e9 constitue la m\u00e9decine de pr\u00e9cision. Unit\u00e9 2\u00a0: La deuxi\u00e8me \u00e9quipe pr\u00e9sid\u00e9e par Pr Malha Azzouz \u00e9tudie les m\u00e9canismes physiopathologiques [&hellip;]<\/p>\n","protected":false},"author":1,"featured_media":0,"parent":0,"menu_order":0,"comment_status":"closed","ping_status":"closed","template":"","meta":[],"_links":{"self":[{"href":"http:\/\/labos.univ-alger.dz\/LEM\/index.php?rest_route=\/wp\/v2\/pages\/120"}],"collection":[{"href":"http:\/\/labos.univ-alger.dz\/LEM\/index.php?rest_route=\/wp\/v2\/pages"}],"about":[{"href":"http:\/\/labos.univ-alger.dz\/LEM\/index.php?rest_route=\/wp\/v2\/types\/page"}],"author":[{"embeddable":true,"href":"http:\/\/labos.univ-alger.dz\/LEM\/index.php?rest_route=\/wp\/v2\/users\/1"}],"replies":[{"embeddable":true,"href":"http:\/\/labos.univ-alger.dz\/LEM\/index.php?rest_route=%2Fwp%2Fv2%2Fcomments&post=120"}],"version-history":[{"count":1,"href":"http:\/\/labos.univ-alger.dz\/LEM\/index.php?rest_route=\/wp\/v2\/pages\/120\/revisions"}],"predecessor-version":[{"id":121,"href":"http:\/\/labos.univ-alger.dz\/LEM\/index.php?rest_route=\/wp\/v2\/pages\/120\/revisions\/121"}],"wp:attachment":[{"href":"http:\/\/labos.univ-alger.dz\/LEM\/index.php?rest_route=%2Fwp%2Fv2%2Fmedia&parent=120"}],"curies":[{"name":"wp","href":"https:\/\/api.w.org\/{rel}","templated":true}]}}