{"id":28,"date":"2023-07-17T12:46:25","date_gmt":"2023-07-17T12:46:25","guid":{"rendered":"http:\/\/labos.univ-alger.dz\/LBG\/?page_id=28"},"modified":"2023-07-17T12:46:25","modified_gmt":"2023-07-17T12:46:25","slug":"equipe-6","status":"publish","type":"page","link":"http:\/\/labos.univ-alger.dz\/LBG\/?page_id=28","title":{"rendered":"Equipe 6"},"content":{"rendered":"\n<p><\/p>\n\n\n\n<p><strong>\u00ab&nbsp;Dermatologie&nbsp;\u00bb<\/strong><\/p>\n\n\n\n<figure class=\"wp-block-table\"><table><tbody><tr><td>Titre de l\u2019\u00c9quipe<\/td><td><strong>Dermatologie<\/strong><\/td><\/tr><tr><td>&nbsp;Nom &#8211; Chef d\u2019\u00e9quipe<\/td><td><strong>SAHEL HOURIA&nbsp;&nbsp;&nbsp;&nbsp;&nbsp;&nbsp;&nbsp;&nbsp;&nbsp;&nbsp;<\/strong><\/td><\/tr><tr><td>Grade&nbsp;:<\/td><td><strong>Professeur<\/strong><\/td><\/tr><tr><td><strong>Membres de l\u2019\u00e9quipe<\/strong><\/td><\/tr><tr><td><strong>\u00a0Nom &amp; Pr\u00e9nom<\/strong><\/td><td><strong>Grade<\/strong><\/td><td><strong>Sp\u00e9cialit\u00e9<\/strong><\/td><\/tr><tr><td>SAHEL HOURIA<\/td><td>Professeur<\/td><td>Dermatologie CHU BEO<\/td><\/tr><tr><td>ZANOUN NACIMA<\/td><td>MCA<\/td><td>Epid\u00e9miologie CHU Parnet<\/td><\/tr><tr><td>ZEMOURI FATMA ZOHRA<\/td><td>MAT Doctorante<\/td><td>Dermatologie CHU BEO<\/td><\/tr><tr><td>BENMOHAND CHABANE<\/td><td>MAT<\/td><td>Dermatologie CHU BEO<\/td><\/tr><\/tbody><\/table><\/figure>\n\n\n\n<p><strong>Th\u00e8me&nbsp;:<\/strong><\/p>\n\n\n\n<p>Notre \u00e9quipe de recherche s\u2019int\u00e9resse particuli\u00e8rement \u00e0 l\u2019\u00e9tude du psoriasis<\/p>\n\n\n\n<p>Projet de recherche en cours (PRFU) ayant pour intitul\u00e9 : psoriasis du sujet \u00e2g\u00e9 : quelle diff\u00e9rences avec celui du sujet jeune ?<\/p>\n\n\n\n<p>Ce projet s\u2019int\u00e9resse \u00e0 rapporter les caract\u00e9ristiques \u00e9pid\u00e9miologiques, cliniques, \u00e9volutives, et la prise en charge du sujet \u00e2ge pr\u00e9sentant un psoriasis. La population appartenant \u00e0 cette tranche d\u2019\u00e2ge \u00e9tant de plus en plus fr\u00e9quente dans le monde et en Alg\u00e9rie, il nous a paru important&nbsp; d\u2019\u00e9tudier le profil de ces patients pr\u00e9sentant une dermatose psychosomatique pouvant&nbsp; entrainer une alt\u00e9ration de la qualit\u00e9 de vie surajout\u00e9e \u00e0 celle li\u00e9e \u00e0 l\u2019\u00e2ge. Dans un deuxi\u00e8me temps nous nous int\u00e9ressons \u00e0 comparer ces caract\u00e9ristiques \u00e0 celles que pr\u00e9sentent les patients psoriasiques jeunes.<\/p>\n","protected":false},"excerpt":{"rendered":"<p>\u00ab&nbsp;Dermatologie&nbsp;\u00bb Titre de l\u2019\u00c9quipe Dermatologie &nbsp;Nom &#8211; Chef d\u2019\u00e9quipe SAHEL HOURIA&nbsp;&nbsp;&nbsp;&nbsp;&nbsp;&nbsp;&nbsp;&nbsp;&nbsp;&nbsp; Grade&nbsp;: Professeur Membres de l\u2019\u00e9quipe \u00a0Nom &amp; Pr\u00e9nom Grade Sp\u00e9cialit\u00e9 SAHEL HOURIA Professeur Dermatologie CHU BEO ZANOUN NACIMA MCA Epid\u00e9miologie CHU Parnet ZEMOURI FATMA ZOHRA MAT Doctorante Dermatologie CHU BEO BENMOHAND CHABANE MAT Dermatologie CHU BEO Th\u00e8me&nbsp;: Notre \u00e9quipe de recherche s\u2019int\u00e9resse particuli\u00e8rement \u00e0 [&hellip;]<\/p>\n","protected":false},"author":1,"featured_media":0,"parent":0,"menu_order":0,"comment_status":"closed","ping_status":"closed","template":"","meta":[],"_links":{"self":[{"href":"http:\/\/labos.univ-alger.dz\/LBG\/index.php?rest_route=\/wp\/v2\/pages\/28"}],"collection":[{"href":"http:\/\/labos.univ-alger.dz\/LBG\/index.php?rest_route=\/wp\/v2\/pages"}],"about":[{"href":"http:\/\/labos.univ-alger.dz\/LBG\/index.php?rest_route=\/wp\/v2\/types\/page"}],"author":[{"embeddable":true,"href":"http:\/\/labos.univ-alger.dz\/LBG\/index.php?rest_route=\/wp\/v2\/users\/1"}],"replies":[{"embeddable":true,"href":"http:\/\/labos.univ-alger.dz\/LBG\/index.php?rest_route=%2Fwp%2Fv2%2Fcomments&post=28"}],"version-history":[{"count":1,"href":"http:\/\/labos.univ-alger.dz\/LBG\/index.php?rest_route=\/wp\/v2\/pages\/28\/revisions"}],"predecessor-version":[{"id":29,"href":"http:\/\/labos.univ-alger.dz\/LBG\/index.php?rest_route=\/wp\/v2\/pages\/28\/revisions\/29"}],"wp:attachment":[{"href":"http:\/\/labos.univ-alger.dz\/LBG\/index.php?rest_route=%2Fwp%2Fv2%2Fmedia&parent=28"}],"curies":[{"name":"wp","href":"https:\/\/api.w.org\/{rel}","templated":true}]}}