{"id":24,"date":"2023-07-17T12:44:48","date_gmt":"2023-07-17T12:44:48","guid":{"rendered":"http:\/\/labos.univ-alger.dz\/LBG\/?page_id=24"},"modified":"2023-07-17T12:44:48","modified_gmt":"2023-07-17T12:44:48","slug":"equipe-4","status":"publish","type":"page","link":"http:\/\/labos.univ-alger.dz\/LBG\/?page_id=24","title":{"rendered":"Equipe 4"},"content":{"rendered":"\n<p><\/p>\n\n\n\n<p><strong>\u00ab&nbsp;Biochimie G\u00e9n\u00e9tique4&nbsp;\u00bb<\/strong><\/p>\n\n\n\n<figure class=\"wp-block-table\"><table><tbody><tr><td>Titre de l\u2019Equipe<\/td><td><strong>Biochimie G\u00e9n\u00e9tique 4<\/strong><strong><\/strong><\/td><\/tr><tr><td>&nbsp;Nom \u2013 Chef d\u2019\u00e9quipe<\/td><td><strong>MAKRELOUF MOHAMED&nbsp;&nbsp;&nbsp;&nbsp;&nbsp;&nbsp;&nbsp;&nbsp;&nbsp;&nbsp;<\/strong><\/td><\/tr><tr><td>Grade&nbsp;:<\/td><td><strong>Professeur<\/strong><\/td><\/tr><tr><td><strong>Membres de l\u2019\u00e9quipe<\/strong><\/td><\/tr><tr><td>&nbsp;Nom &amp; Pr\u00e9nom<\/td><td>Grade<\/td><td>Sp\u00e9cialit\u00e9<\/td><\/tr><tr><td>MAKRELOUF Mohamed<\/td><td>Professeur<\/td><td>Biochimie CHU BEO<\/td><\/tr><tr><td>AKSAS Kahina<\/td><td>MCA<\/td><td>Biochimie CHU BEO<\/td><\/tr><tr><td>DOUIABIA LINDA<\/td><td>MAT Doctorante<\/td><td>Biochimie CHU BEO<\/td><\/tr><tr><td>DAHMANI DALILA<\/td><td>MAT Doctorante<\/td><td>Biochimie CHU Tizi Ouzou<\/td><\/tr><tr><td>DENDOUGA SORAYA<\/td><td>MCA<\/td><td>Proth\u00e8se Dentaire CHU BEO<\/td><\/tr><tr><td>BOUHADJAR Assya<\/td><td>MAT Doctorante<\/td><td>Biochimie H\u00f4pital militaire -CHU Oran<\/td><\/tr><\/tbody><\/table><\/figure>\n\n\n\n<p><strong>Th\u00e8mes&nbsp;:<\/strong><\/p>\n\n\n\n<p><strong>Th\u00e8me 1 :<\/strong><\/p>\n\n\n\n<p>Constitution d\u2019une banque d\u2019ADN : extraction, quantification et conservation de l\u2019ADN \u00e0 -20\u00b0 et \u00e0 -80\u00b0c<\/p>\n\n\n\n<p><strong>Th\u00e8me&nbsp; 2 :<\/strong><\/p>\n\n\n\n<p>Etude mol\u00e9culaire des dyslipid\u00e9mies.<\/p>\n\n\n\n<p><strong>Th\u00e8me 3 :<\/strong><\/p>\n\n\n\n<p>Nutrig\u00e9nomique et nutrig\u00e9n\u00e9tique et pathologies associ\u00e9es<\/p>\n\n\n\n<p><strong>Th\u00e8me 4 :<\/strong><\/p>\n\n\n\n<p>Syndrome m\u00e9tabolique et pathologies de la cavit\u00e9 buccale<\/p>\n\n\n\n<p><strong>Th\u00e8me 5 :<\/strong><\/p>\n\n\n\n<p>&nbsp;Etude des marqueurs biochimiques pr\u00e9coces de la Maladie d\u2019Alzheimer<\/p>\n\n\n\n<p>&nbsp;Etude des g\u00e8nes de susceptibilit\u00e9 de la maladie d\u2019Alzheimer<\/p>\n\n\n\n<p><strong>Th\u00e8me 6 :<\/strong><\/p>\n\n\n\n<p>Marqueurs biochimiques du diagnostic pr\u00e9coce de la Pr\u00e9-Eclampsie<\/p>\n","protected":false},"excerpt":{"rendered":"<p>\u00ab&nbsp;Biochimie G\u00e9n\u00e9tique4&nbsp;\u00bb Titre de l\u2019Equipe Biochimie G\u00e9n\u00e9tique 4 &nbsp;Nom \u2013 Chef d\u2019\u00e9quipe MAKRELOUF MOHAMED&nbsp;&nbsp;&nbsp;&nbsp;&nbsp;&nbsp;&nbsp;&nbsp;&nbsp;&nbsp; Grade&nbsp;: Professeur Membres de l\u2019\u00e9quipe &nbsp;Nom &amp; Pr\u00e9nom Grade Sp\u00e9cialit\u00e9 MAKRELOUF Mohamed Professeur Biochimie CHU BEO AKSAS Kahina MCA Biochimie CHU BEO DOUIABIA LINDA MAT Doctorante Biochimie CHU BEO DAHMANI DALILA MAT Doctorante Biochimie CHU Tizi Ouzou DENDOUGA SORAYA MCA Proth\u00e8se [&hellip;]<\/p>\n","protected":false},"author":1,"featured_media":0,"parent":0,"menu_order":0,"comment_status":"closed","ping_status":"closed","template":"","meta":[],"_links":{"self":[{"href":"http:\/\/labos.univ-alger.dz\/LBG\/index.php?rest_route=\/wp\/v2\/pages\/24"}],"collection":[{"href":"http:\/\/labos.univ-alger.dz\/LBG\/index.php?rest_route=\/wp\/v2\/pages"}],"about":[{"href":"http:\/\/labos.univ-alger.dz\/LBG\/index.php?rest_route=\/wp\/v2\/types\/page"}],"author":[{"embeddable":true,"href":"http:\/\/labos.univ-alger.dz\/LBG\/index.php?rest_route=\/wp\/v2\/users\/1"}],"replies":[{"embeddable":true,"href":"http:\/\/labos.univ-alger.dz\/LBG\/index.php?rest_route=%2Fwp%2Fv2%2Fcomments&post=24"}],"version-history":[{"count":1,"href":"http:\/\/labos.univ-alger.dz\/LBG\/index.php?rest_route=\/wp\/v2\/pages\/24\/revisions"}],"predecessor-version":[{"id":25,"href":"http:\/\/labos.univ-alger.dz\/LBG\/index.php?rest_route=\/wp\/v2\/pages\/24\/revisions\/25"}],"wp:attachment":[{"href":"http:\/\/labos.univ-alger.dz\/LBG\/index.php?rest_route=%2Fwp%2Fv2%2Fmedia&parent=24"}],"curies":[{"name":"wp","href":"https:\/\/api.w.org\/{rel}","templated":true}]}}